 common factor of 105 and p.
15
Let x(o) = o + 6. Let c be x(-3). Let a be -2 + c + 81 - 2. What is the greatest common factor of a and 10?
10
Let i(y) be the first derivative of 14*y**3 + y**2/2 - y - 5. Let d be i(1). Calculate the greatest common divisor of d and 6.
6
Let u = -20 + 44. Let g = -6 - -9. What is the greatest common factor of g and u?
3
Let m = -11 + 15. Suppose -2*i + 26 + 42 = 0. Suppose 4*w - 114 = -4*u - i, -2*w + 36 = u. What is the highest common divisor of w and m?
4
Suppose 0 = 5*n - 2*n. Let s be n - 2 - (5 + -17). Calculate the greatest common divisor of 80 and s.
10
Suppose -14 = d - 3*d. Let v be 2/d - (-24)/14. Suppose 3 + 3 = y. What is the greatest common divisor of v and y?
2
Let b(i) = 10*i - 2. Let t be b(2). Let v = t - 5. Calculate the highest common divisor of 91 and v.
13
Suppose 5*v = -4*s + 636, 5*v - 9 = s - 143. Let k be (4/6)/((-3)/9). Let w be 23 - k/(4/(-2)). What is the highest common divisor of w and s?
22
Let a(t) = -2*t - 4. Let l be a(-4). Suppose 16 = -4*s, -6*s = l*u - 11*s - 64. Suppose 0*x = -x + 55. Calculate the highest common divisor of x and u.
11
Suppose -f - 12 + 20 = 0. What is the highest common divisor of f and 16?
8
Suppose -288 = -5*a + 72. Let f = a - 42. What is the greatest common factor of f and 15?
15
Let z(g) = -g**2 - 12*g - 2. Let o be z(-8). Suppose 3*x + 2*i = 37, -o = -2*x - i + 5*i. Let u = -126 + 217. What is the greatest common factor of u and x?
13
Suppose 0 = 7*v - 225 - 83. Calculate the greatest common divisor of 308 and v.
44
Let k be 1 + -2 - (-15 - -1). Suppose -a - z = 114, 8*z - 350 = 3*a + 3*z. Let j = a - -167. Calculate the greatest common divisor of k and j.
13
Let b = 9 + -4. Suppose 4*v = -2*c + 62, -3*v - 90 = -c - 4*c. Let k be ((-14)/c)/((-4)/150). Calculate the highest common divisor of k and b.
5
Let p(n) = 2*n - 6. Let h be p(7). Suppose -15 = 3*z, 4*x - h - 38 = 2*z. Calculate the highest common factor of x and 6.
3
Let k(l) = 2*l**3 + l**2 - 2*l. Let f be k(-2). Let b = f - -14. What is the greatest common factor of b and 6?
6
Let i = -2 + 1. Let l(y) = -110*y - 2. Let k be l(i). What is the greatest common divisor of 12 and k?
12
Suppose -3*i = 2*g - 14, -i = -0*g + g - 7. Let b(j) = j**2 + 3*j + 7. Let n be b(-5). Let l = n - g. Calculate the highest common factor of l and 100.
10
Let y(l) = 6*l**2 - 3*l. Let o be y(2). Suppose 8*q - o = 5*q. What is the highest common divisor of 42 and q?
6
Let y be 2*3*(-6)/(-4). Suppose 2 = -3*j + 8. Suppose j*q = -0*q + 18. What is the highest common divisor of y and q?
9
Suppose -5*r + 26 + 4 = 0. Let n be 380/9 + (-2)/9. What is the greatest common factor of r and n?
6
Suppose -31 = -2*a + 5*u, 5*a + 5*u - 137 = -7. Calculate the greatest common factor of 46 and a.
23
Let t = 56 + -42. What is the highest common divisor of t and 14?
14
Let b be ((-9)/(-1) - -2)*(-25 + 3). Let s = 2 - 146. Let a = s - b. Calculate the greatest common divisor of 14 and a.
14
Suppose 5*n = 0, -3*n + 44 = v - 0*n. Calculate the greatest common factor of v and 44.
44
Let i be (2 - 0)/((-14)/(-35)). Suppose o - 2*c - 282 = 0, -o - o + 562 = -2*c. Suppose u + o = i*u. Calculate the greatest common divisor of 28 and u.
14
Let l(j) = -j**3 + 6*j**2 + 7*j + 7. Let y be l(-5). What is the greatest common factor of 13 and y?
13
Let y be 143/(-1)*(-12 + 6 - -3). Calculate the greatest common factor of y and 39.
39
Let n(t) = -28*t. Let c be n(-3). Let q be ((-6)/8)/((-1)/(-16)). Let v = q + 24. What is the highest common divisor of c and v?
12
Let b = -101 + 205. Calculate the highest common divisor of 13 and b.
13
Let r(b) = -224*b - 1. Let g = 0 - 1. Let d be r(g). Let x = d - 115. Calculate the greatest common divisor of x and 12.
12
Let k be (-1 - -15) + 4/10*-5. Suppose 2*q + 2*i = 92, 5*q = -0*q - 4*i + 232. Calculate the greatest common divisor of k and q.
12
Let j(o) = 4*o**3 + o**2 + o + 3. Let z be j(3). Let i = z - 189. Let l be (2/6)/((-2)/i). Calculate the greatest common factor of 110 and l.
11
Suppose -d + 4 = 0, 0*d - 34 = -5*b - d. Calculate the highest common divisor of b and 42.
6
Suppose 9*b - 10 = 4*b. Suppose b*d = d + 35. Suppose -5*t = -4*h - 116, -5*h - d - 32 = -3*t. Calculate the highest common factor of t and 6.
6
Let u(s) = -5*s**3 - s**2 - 2*s - 1. Let y be u(-1). Let x = y - 3. Suppose c = -2, -t + x*c - 3 + 11 = 0. What is the greatest common divisor of 4 and t?
4
Let w = 60 + -37. Calculate the greatest common factor of w and 161.
23
Let o(u) = -u**3 + u**2 - 3*u - 3. Let w be o(-2). Let f be 2*60 + (-6 - -6). Calculate the greatest common divisor of w and f.
15
Suppose 0 = -2*d + 19 - 3. Suppose -5*k + 2 = -2*u + u, 0 = -2*u + 5*k + 1. Suppose u*z - 13 + 1 = 0. Calculate the highest common divisor of z and d.
4
Let k(s) = 4*s - 4. Let y be k(-2). Let z = 23 + y. What is the highest common factor of 88 and z?
11
Let i be 2/6 + 46/6. Suppose 2*x - 136 = 4*w, 3*w + w - 8 = 0. Calculate the greatest common divisor of i and x.
8
Let x(a) = a**2 + 13*a + 2. Let z be x(-14). What is the greatest common factor of z and 112?
16
Suppose 3*f - 3 = -0, -3*g - 4*f = -22. What is the highest common divisor of 2 and g?
2
Let j = 148 + -100. Calculate the greatest common factor of 6 and j.
6
Suppose 20 = 5*o - 10. Suppose 126 = 3*h - 0*h. What is the highest common factor of h and o?
6
Suppose -5*n + 526 = 5*l + 156, 0 = 2*n - l - 157. Suppose -n = -4*g + i, -3*g + 3*i = -6*g + 39. Calculate the highest common divisor of 144 and g.
18
Suppose 4*d + 8 - 4 = 2*o, -5*d = 3*o + 27. Let v be (1 - (0 - d)) + 74. Calculate the greatest common divisor of 48 and v.
24
Suppose 80 = -5*p + 10*p. What is the greatest common divisor of p and 80?
16
Let m be -15*(-3 - (-184)/(-12)). Calculate the highest common divisor of m and 25.
25
Let t(m) be the second derivative of m**4/12 - m**3/3 - 3*m**2/2 + 4*m. Let p be t(6). Calculate the highest common factor of p and 21.
21
Let p(d) = d**2 + d - 2. Let y be p(3). Let b be y/45 - 232/(-9). Calculate the greatest common divisor of 39 and b.
13
Let u = 114 + -37. Suppose 2*z - 2 = -4, -z + 7 = 4*j. Suppose -5*h = -j*h - 33. Calculate the greatest common factor of u and h.
11
Let w = 13 - -2. Calculate the greatest common factor of w and 105.
15
Let f = 0 - -2. Suppose 8 - 2 = -f*i. Let w(b) = -b + 3. Let j be w(i). Calculate the highest common factor of j and 18.
6
Let l = 364 + 681. Suppose 5*w = -0*w + l. Let v be ((-1)/(-3))/(2/114). What is the greatest common divisor of v and w?
19
Let j = -9 + 17. Let m be (-4 + j)*1 - -3. Let f be 792/28 - (-2)/(-7). Calculate the highest common factor of m and f.
7
Suppose -3*q - 6 = -0*q. Let y be q/(-7) + 402/14. Let u = 56 - y. Calculate the greatest common factor of u and 3.
3
Let z be 0 - 2 - 28/(-2). Let b be z/(((-27)/(-102))/3). What is the highest common factor of 17 and b?
17
Suppose -17*d + 16*d = -2. Calculate the greatest common factor of d and 4.
2
Let z = 2 - 0. Suppose 4*m + k - 60 = 0, 4*m = 3*k - z*k + 60. What is the greatest common divisor of m and 5?
5
Suppose 19 = 3*j - 23. Calculate the highest common divisor of 154 and j.
14
Suppose q + 11 = 4*o - 5*o, -2*q - 10 = -2*o. Let i = 14 + q. Calculate the greatest common factor of 24 and i.
6
Suppose 1 = 3*y - 5. Let w = -1 - y. Let s be (173 - w - 3) + 3. Calculate the highest common factor of s and 16.
16
Let w = 16 - -20. Suppose -7*k + 4*k + w = 0. Let h(a) = -2*a**3 - 4*a**2 - 5*a - 3. Let g be h(-3). Calculate the greatest common divisor of k and g.
6
Let o(d) = 456*d + 3. Let r be o(-5). Let f be r/(-36) - 1/4. Suppose -2 = -5*x - 2*u + 29, 4*u = -8. What is the greatest common divisor of x and f?
7
Let d = 32 + -12. Calculate the highest common divisor of d and 4.
4
Suppose -30 + 0 = -5*b. Calculate the greatest common divisor of b and 12.
6
Suppose -32 - 67 = -k. What is the greatest common factor of 11 and k?
11
Suppose 2 = 4*x + 22. Let b(l) = -24*l + 6. Let s be b(x). Calculate the highest common factor of s and 14.
14
Suppose -3*n = d - 255 + 92, -3*n + 2*d + 178 = 0. Calculate the highest common factor of 84 and n.
28
Let f be 0 + 2 - (1 - 0). Let i = 15 + -13. What is the highest common factor of i and f?
1
Let i be 40/15 + 3/9. Suppose i*k - 1 = 26. Wha